 = 51*d**3 + 222*d**2 + 640*d - 63. Calculate x(-3).
-1362
Let r(v) = -v**2 - 26*v + 3985. What is r(51)?
58
Let l(s) = -s**3 - 447*s**2 - 2628*s + 7933. Determine l(-441).
-5
Let w(s) = -s**2 + 921*s - 185027. Determine w(296).
-27
Let t(q) = -1182*q - 43193. Determine t(-36).
-641
Let c(s) = 2*s**2 + 79*s + 652. What is c(-10)?
62
Let b(d) = -d**3 + 62*d**2 + 252*d - 613. Give b(66).
-1405
Let l(x) = x**3 + 107*x**2 - 329*x - 62. Determine l(-110).
-172
Let u(h) = -h**2 + 2921*h - 20441. Give u(7).
-43
Let v(k) = 3*k**3 + 21*k**2 + 179*k + 423. Calculate v(-3).
-6
Let o(g) = -g**2 - 3103*g - 615668. What is o(-213)?
-98
Let n(v) = -9782*v + 39127. What is n(4)?
-1
Let h(p) = -13*p**2 + 74*p + 225. What is h(-4)?
-279
Let i(t) = -t**3 - 70*t**2 - 5*t - 163. What is i(-70)?
187
Let t(l) = -l**3 + 28*l**2 - 101*l + 65. What is t(14)?
1395
Let q(v) = 56*v**2 - 3523*v - 15317. Give q(67).
26
Let f(u) = -u**3 - 14*u**2 + 11*u - 12. What is f(-15)?
48
Let v(p) = 233*p - 22171. Determine v(97).
430
Let h(u) = 2364*u + 456264. What is h(-193)?
12
Let w(l) = -l**2 + 150*l - 152. Determine w(140).
1248
Let w(i) = i**2 - 20*i - 29571. Calculate w(-163).
258
Let r(o) = -o**3 + 184*o**2 + 2749*o - 1276. Give r(198).
-5830
Let o(h) = -h**3 - 48*h**2 + 256*h + 5270. Give o(-51).
17
Let c(i) = 40*i**3 - 189*i**2 - 54*i - 15. Determine c(5).
-10
Let x(a) = a**3 + 9*a**2 + 62*a + 118. Give x(-11).
-806
Let f(w) = -2*w**2 + 1322*w + 145326. Give f(-96).
-18
Let r(y) = -51*y**2 - 2666*y - 702. Give r(-52).
26
Let v(l) = -2552825*l + 76584746. Give v(30).
-4
Let a(k) = -8*k**2 + 3301*k + 257080. Calculate a(-67).
1
Let w(h) = 2*h**3 + 79*h**2 - 1021*h + 7797. What is w(-51)?
45
Let m(u) = -u**3 + 174*u**2 - 189*u + 2403. Calculate m(173).
-365
Let z(c) = -9*c**2 + 395*c + 887. Calculate z(46).
13
Let i(w) = 53*w**2 + 239*w - 643. What is i(2)?
47
Let r(b) = 65*b**2 + 95552*b - 92672. Calculate r(-1471).
1
Let j(k) = 57*k + 31. Calculate j(-41).
-2306
Let w(k) = -k**2 - 2200*k - 77976. Give w(-36).
-72
Let z(a) = -a**2 - 1150*a + 20987. What is z(18)?
-37
Let t(z) = -24*z**2 + 2138*z - 10254. Determine t(84).
-6
Let m(x) = -39*x + 2581. Give m(69).
-110
Let t(s) = -7*s**2 + 2168*s + 222486. Give t(391).
7
Let f(t) = -2*t**3 + 10*t**2 + 40*t - 589. Calculate f(12).
-2125
Let v(f) = f**2 - 1181*f + 30207. Calculate v(26).
177
Let g(z) = -53*z + 10822. What is g(202)?
116
Let t(o) = -2*o**3 + 59*o**2 - 384*o + 10298. What is t(29)?
3
Let f(v) = 8*v**3 - 8384*v**2 - 8375*v - 17843. Determine f(1049).
-10
Let l(r) = 443*r**2 - 27342*r + 27341. Calculate l(1).
442
Let j(b) = 37*b**3 + 7*b**2 - 91*b + 708. What is j(6)?
8406
Let p(r) = 2420*r + 2432. Calculate p(-1).
12
Let j(x) = -292141*x - 1460711. Determine j(-5).
-6
Let p(f) = -15*f**2 + 4*f + 216. What is p(3)?
93
Let c(q) = 33*q**2 - 613*q + 480. What is c(17)?
-404
Let p(z) = -z**3 - 39*z**2 + 436*z + 4273. Give p(14).
-11
Let h(q) = -8286*q + 1574333. Calculate h(190).
-7
Let q(x) = -14*x**2 + 470*x - 3836. Calculate q(18).
88
Let u(f) = -72*f**2 + 4146*f - 17486. What is u(53)?
4
Let l(j) = 13*j**2 - 126*j - 25. Determine l(9).
-106
Let x(z) = -8*z**2 - 186*z - 965. Calculate x(-5).
-235
Let m(t) = -t**3 - 110*t**2 + 335*t - 296. What is m(-113)?
156
Let o(d) = -307*d**3 - 1846*d**2 - 13*d + 5. What is o(-6)?
-61
Let w(i) = -i**2 - 109*i - 1567. Calculate w(-109).
-1567
Let m(w) = -w**3 + 288*w**2 - 3856*w + 77255. Calculate m(275).
-20
Let v(k) = k**3 + 12*k**2 + 786*k + 5464. Calculate v(-7).
207
Let o(b) = -b**3 - 247*b**2 - 6778*b - 13233. What is o(-29)?
-9
Let g(f) = -f**2 - 536*f - 65412. What is g(-349)?
-149
Let z(y) = 4*y**3 + 3016*y**2 - 3021*y - 756. Give z(-755).
-1
Let q(t) = 6001*t + 31019. Give q(-5).
1014
Let w(m) = -14278*m - 14382. What is w(-1)?
-104
Let o(f) = -21*f**2 - 310*f - 207. Calculate o(-14).
17
Let m(d) = -32570*d - 390838. What is m(-12)?
2
Let c(s) = 682*s**2 + 19776*s + 18. What is c(-29)?
76
Let i(t) = -4494*t - 1658314. Calculate i(-369).
-28
Let d(m) = -2*m**3 - 295*m**2 - 5212*m - 601. Give d(-127).
34
Let z(d) = 363059*d + 17789891. Determine z(-49).
0
Let f(a) = a**2 + 47195*a - 330437. Give f(7).
-23
Let s(a) = 3*a**3 + 154*a**2 + 174*a + 196. What is s(-50)?
1496
Let k(z) = -z**3 + 1964*z**2 + 47706*z - 127. Give k(-24).
17
Let x(k) = k**3 - k**2 - 266*k + 341. Give x(16).
-75
Let o(i) = i**2 - 1012*i - 20650. Give o(-20).
-10
Let m(h) = -3*h**3 - 791*h**2 - 1310*h - 124. Determine m(-262).
-124
Let q(k) = 2*k**3 - 67*k**2 - 984*k + 47. Calculate q(-11).
102
Let h(n) = 916*n - 4529. What is h(5)?
51
Let k(z) = -7*z**3 + 23*z**2 + 24*z - 98. What is k(0)?
-98
Let j(p) = -155*p**2 + 143*p - 288. Give j(2).
-622
Let h(p) = -3*p**2 - 247*p - 3168. Determine h(-67).
-86
Let k(b) = 4*b**2 + 2094*b + 32475. Give k(-16).
-5
Let k(v) = 5352*v**2 + 16034*v - 53. Give k(-3).
13
Let t(x) = -14*x**2 - 19*x - 610. Determine t(-8).
-1354
Let m(s) = 1402*s + 28038. Calculate m(-20).
-2
Let c(s) = 47138*s - 754207. Determine c(16).
1
Let o(l) = -43*l**2 + 712*l - 112. Determine o(16).
272
Let v(g) = -28480*g + 199355. Give v(7).
-5
Let p(c) = 5*c - 145. Determine p(10).
-95
Let x(k) = k**3 + 26*k**2 - 40235*k - 387. Give x(188).
-951
Let v(k) = -k**2 + 8390*k - 3097192. Calculate v(387).
-31
Let t(r) = 352*r - 9402. Calculate t(26).
-250
Let d(s) = -14904*s - 193849. Determine d(-13).
-97
Let a(j) = -2*j**2 + 142*j + 9816. Determine a(115).
-304
Let o(n) = -8053*n - 507327. Determine o(-63).
12
Let w(b) = -53*b**3 + 88*b**2 - 60*b - 39. Give w(2).
-231
Let s(h) = -158106*h + 790532. Give s(5).
2
Let f(k) = -11*k**2 - 9551*k - 249868. Give f(-27).
-10
Let f(c) = -8*c**3 + 978*c**2 - 253*c + 1325. What is f(122)?
227
Let r(p) = 3*p**3 - 112*p**2 + 260*p - 51. Calculate r(35).
474
Let m(i) = -42348*i - 126811. Give m(-3).
233
Let q(f) = 9*f**2 + 1509*f - 319293. Calculate q(-290).
-3
Let b(j) = 4*j**2 - 398*j + 9132. What is b(35)?
102
Let d(k) = -22743*k + 68584. What is d(3)?
355
Let x(c) = -c**3 + 269*c**2 + 325*c - 87500. What is x(269)?
-75
Let u(q) = -161*q**3 - 2741*q**2 - 80*q - 194. What is u(-17)?
10
Let f(l) = -l**3 - 118*l**2 + 213*l - 480. Give f(-120).
2760
Let g(o) = -o**3 + 317*o**2 + 4283*o - 85. What is g(-13)?
6
Let h(n) = -7*n**3 - 128*n**2 - 53*n - 277. What is h(-18)?
29
Let u(o) = 6*o**3 + 10*o**2 + 18*o + 17. Give u(-2).
-27
Let b(a) = -2981*a**2 - 29802*a + 82. Calculate b(-10).
2
Let c(q) = 439*q - 62843. Give c(143).
-66
Let u(q) = 184523*q + 1476161. Determine u(-8).
-23
Let w(l) = l**3 - 63*l**2 - 987*l - 72. What is w(76)?
4
Let o(y) = 10066*y + 583850. Calculate o(-58).
22
Let s(o) = -41064*o + 780226. Calculate s(19).
10
Let f(l) = -93361*l + 465999. Calculate f(5).
-806
Let v(u) = 37*u**2 + 106*u - 591. Give v(6).
1377
Let t(f) = 348995*f - 15355780. Determine t(44).
0
Let i(g) = 65*g**2 + 3946*g + 543. Give i(-61).
1702
Let p(h) = -16*h**3 - 2410*h**2 - 4830*h - 16. Give p(-2).
132
Let u(t) = t**3 + 60*t**2 + 283*t + 17397. What is u(-60)?
417
Let x(l) = 19342*l + 174068. What is x(-9)?
-10
Let d(y) = -653*y - 4537. Determine d(-9).
1340
Let w(h) = -24*h + 1180. Give w(37).
292
Let z(g) = -13739*g + 69627. Give z(5).
932
Let q(w) = -w**2 + 616*w - 12645. Calculate q(21).
-150
Let f(q) = -7*q**2 + 367*q + 6. Determine f(0).
6
Let h(w) = w**2 + 244316*w + 6840054. Calculate h(-28).
-10
Let g(x) = 8*x**3 - 7*x**2 - 103*x + 144. Calculate g(8).
2968
Let t(h) = -223678*h + 894652. Determine t(4).
-60
Let t(u) = u**2 - 177*u + 131. What is t(177)?
131
Let f(k) = k**2 + 104*k - 3031. What is f(25)?
194
Let s(u) = -442*u + 65893. What is s(151)?
-849
Let h(w) = w**3 + 267*w**2 - 574*w - 9623. Determine h(-269).
61
Let y(m) = -139*m - 2931. Give y(-28).
961
Let y(i) = 9809*i + 2354154. What is y(-240)?
-6
Let l(t) = -24*t + 2156. Calculate l(44).
1100
Let l(z) = 5*z**3 - 280*z**2 - 259*z - 1439. Determine l(57).
43
Let z(n) = 2538*n - 22803. What is z(9)?
39
Let m(c) = c**2 - 36634*c + 4381680. Give m(120).
0
Let v(p) = 47*p**3 + 71917*p**2 + 10724*p + 21417. Determine v(-1530).
-3
Let d(l) = 2*l**2 + 337*l - 12652. Give d(31).
-283
Let w(o) = 6779*o + 20166. Give w(-3).
-171
Let b(m) = 8*m**2 - 4238*m + 4237. Determine b(1).
7
Let z(k) = -10*k**3 + 7*k**2 - 2